 i(s) be the second derivative of -s**7/840 - s**6/360 - s**4/3 + 6*s. Let u(d) be the third derivative of i(d). What is u(-2)?
-8
Let v(g) = g**3 - 2*g + 1. Let d(o) = o**3 - 6*o**2 + o - 4. Let x be d(6). Determine v(x).
5
Let m be (0 - (-12)/3) + -1. Let a(w) = w**3 - w**2 + 2*w + 4. Let u(b) = -2*b**3 + 3*b**2 - 4*b - 8. Let c(q) = 7*a(q) + 4*u(q). Determine c(m).
8
Let y(c) be the first derivative of c**3/3 - c**2 - 5*c - 35. Suppose 0 = -5*d + 29 - 9. What is y(d)?
3
Let y(a) be the second derivative of a**3/6 + a**2 + 19*a. Suppose 5*z = -3 + 23. Give y(z).
6
Let c(j) be the third derivative of j**6/120 + j**5/20 - 7*j**4/24 - 5*j**3/6 - 5*j**2. Suppose -40 = -4*s - 0*s. Let z = 6 - s. Determine c(z).
7
Let m(o) = -o + 1. Let x(c) = -c**3 - 5*c**2 + 2*c - 4. Let b(r) = 4*m(r) + x(r). What is b(-3)?
-12
Let l be -8*(2 + (-5)/2). Let o(t) = t**2 + l - 2 - 6 - 4. Calculate o(0).
-8
Let q(u) = u + 14. Suppose 10*m = 6*m. What is q(m)?
14
Let v = 1 + -6. Let r(h) = -2*h**2 + 3*h - 6. Let a(n) = -3*n**2 + 3*n - 6. Let t(s) = -3*a(s) + 4*r(s). Determine t(v).
4
Let s be (-75)/10*(-6)/5. Let a(i) = -s*i**2 - 5*i**3 + 2 + 2*i**2 - 6*i + 4*i**3. Calculate a(-6).
2
Let s(h) = -h**3 - 5*h**2 + h + 2. Let t(x) = x**3 + x. Let o(v) = 4*v**3 + 5*v**2 + 2*v - 2. Let w(k) = o(k) - 3*t(k). Let i(z) = 5*s(z) + 6*w(z). Give i(-5).
3
Let i be (-2 + -2 - -3) + 11. Suppose -5*z - i = -4*l, 0 = -2*z - 6 + 2. Let a(d) = 0*d + 1 + 4*d - 3*d - d**2. Give a(l).
1
Suppose 0 = 4*j + k + 24, 5*k = -0*j + 3*j + 18. Let b(l) be the second derivative of -l**4/12 - 2*l**3/3 + 2*l**2 - 7*l. Give b(j).
-8
Let z(p) = p**3 + 5*p**2 + 6*p. Let a(g) = 6*g + 2. Let u be a(-1). Give z(u).
-8
Let o be ((-1)/3)/(2/(-6)). Let g be 1 - 0 - (-1 + o). Let i(x) = x**3 - 3*x**2 + 4*x + 4. Let a(w) = w**2 - w - 1. Let n(f) = 4*a(f) + i(f). What is n(g)?
2
Let d(s) = s**3 + 2*s**2 - 4*s - 1. Let l(k) = -15*k - 20. Let c(f) = -7*f - 10. Let i(r) = 13*c(r) - 6*l(r). Let z = -42 + 35. Let o be i(z). Give d(o).
2
Let k(v) = v**3 - 5*v**2 + 7*v + 2. Let h(q) = -q**3 + 5*q**2 - 6*q - 1. Let o(t) = -5*h(t) - 4*k(t). Let b be (-5)/(-2)*(2 + 0). What is o(b)?
7
Let s be 2/(-2 - -8)*-3. Let w(h) = -15*h - 1. Calculate w(s).
14
Let h be 2 - (-1 - 4/2). Let a = -4 + h. Let j(r) = 0 - 5 + a - 2*r. Calculate j(-3).
2
Let s(l) be the third derivative of -l**4/8 + 2*l**3/3 - l**2. Let c(f) = 5*f - 3. Let n(b) = -b. Let p(k) = -c(k) - 4*n(k). Let j be p(0). Determine s(j).
-5
Suppose 3*b + 2 = 4*b. Let w(x) = 2*x - b*x + 2*x. Calculate w(4).
8
Let n = 7 - 11. Let j(c) be the second derivative of c**5/4 + 5*c**3/6 + c**2 + 2*c. Let i(p) = -p**3 - p**2 - p. Let t(b) = n*i(b) - j(b). Calculate t(2).
4
Let z(c) = c**2 + c + 1. Let a(m) = -3*m**2 + 2*m + 2. Let k(s) = a(s) + 2*z(s). Suppose 3*l - 15 = -2*l. Calculate k(l).
7
Let k(f) = -f**3 - 5*f**2 + 6*f + 6. Let l(j) = -4*j**2 + 6*j. Let n(d) = d**2. Let i(r) = -l(r) - 6*n(r). Let c be i(-4). Let u = c + 2. Give k(u).
6
Suppose -3*x = 0, -4*l - 4*x = -0*x - 12. Let y(q) = -2*q - 4 + q**3 - 7*q**l + 3 - 2*q**2. Calculate y(-1).
5
Let r(d) = -d**3 - 4*d**2 - 5. Let z(q) = q**3 - 8*q**2 + 5*q + 10. Let h = -4 + 11. Let p be z(h). What is r(p)?
-5
Let u(r) = r**3 - 4. Suppose -15 - 3 = -3*f. Suppose -6 = k - 3*m, 3*m + 0 = -k + f. Calculate u(k).
-4
Let k(d) = d**3 - 4 + d + d**2 + 4 - 10. Suppose -4*h - 6*y = -y, 0 = -2*y. What is k(h)?
-10
Let i = 17 + -15. Let j(l) = l**2 - l - 2. Let n be j(i). Let p(y) = y + 1. What is p(n)?
1
Let w be 2/(-9) - (-8)/36. Let q(f) be the first derivative of -f**2/2 + 2*f + 3. What is q(w)?
2
Let a(l) = -l**3 - 3*l**2 + 5*l + 2. Let n = -22 + 18. What is a(n)?
-2
Let t(s) = -s**3 + 6*s**2 - 2*s - 6. Let x be (-1 - (-34)/4)*(-10)/(-15). Determine t(x).
9
Let h be 9 - (5/1 + -7). Let d(j) = j**3 - 10*j**2 - 11*j. Give d(h).
0
Suppose 3*l = -0 + 9. Let u(b) = -2*b + b - 1 - 16*b**3 + b**2 + 12*b**l. Suppose 3 - 5 = 2*m. Determine u(m).
5
Let b(t) = -5*t**2 - 3*t + 1. Let q = -128 - -130. What is b(q)?
-25
Let n be (-5 - -3)*2/4. Let l(u) = -u + 1. Let a(y) = -1. Suppose 2*b - 26 = h - 6*h, -12 = -4*b. Let v(p) = h*a(p) + n*l(p). Determine v(4).
-1
Let q = -2 + 5. Suppose -q*x = -x - 4. Let r(d) be the second derivative of d**5/20 - d**4/12 + d**3/3 - d**2 + 6*d. Calculate r(x).
6
Let z(b) = -b**2 - b + 6. Let c(s) = -s**2 + 5*s + 5. Let n be c(6). Let i = -1 - n. Give z(i).
6
Let x(g) = -g**2 - 7*g + 9. Suppose -i - 1 = 6. Give x(i).
9
Let z = 12 - 8. Let b(q) be the first derivative of 4/3*q**3 - 1/4*q**z - 2 - 2*q + 0*q**2. What is b(4)?
-2
Let z(u) be the second derivative of -u**3/6 + 13*u**2/2 + 28*u. Give z(8).
5
Let z(m) = -m**2 - 9*m - 9. Let i(b) = -b**2 - 5*b - 5. Let q(h) = 5*i(h) - 3*z(h). Give q(2).
-2
Let t(h) = 2*h**2 + 39*h + 16. Let d be t(-19). Let c(p) = 7*p + 4. Calculate c(d).
-17
Let i(g) be the first derivative of g**2/2 - 7*g - 10. Give i(6).
-1
Let r(b) = 2*b**3 + b**2 + b - 1. Let k = 32 - 31. Give r(k).
3
Let m(q) = -q + 9. Let f(s) = 5*s - 45. Let v(z) = -2*f(z) - 11*m(z). What is v(6)?
-3
Let b(o) be the first derivative of -o**3/3 + 2*o**2 + 6*o - 4. Let m(w) = w**2 - 4*w - 5. Let n(u) = -3*b(u) - 2*m(u). Give n(6).
4
Let q(v) = -7*v + 7. Let r(a) = -a + 1. Let b(h) = q(h) - 6*r(h). Let u(x) = 2*x - 9. Let k be u(7). Suppose 5*f - j = -9, -4*j = f + k + 1. Give b(f).
3
Let y(u) = u - 2. Let c be y(0). Let o(j) = 4*j - 3*j - 2*j. Determine o(c).
2
Let n(r) = 17*r**2 - 3*r + 2. Let v(a) = 8*a**2 - a + 1. Let t(d) = 3*n(d) - 7*v(d). Let j(m) = -m**2 - 4*m - 4. Let g be j(-3). What is t(g)?
-4
Suppose -m + 4 = 0, -11*m + 7*m + 31 = -5*y. Let t(n) = n**3 + 5*n**2 + 2*n - 1. Give t(y).
11
Let n(d) be the third derivative of -d**4/8 + d**3/3 + d**2. Suppose 0 = b - 6*b + 5. Suppose -4*x = -h - 2 - 9, b = -x + 4*h. Give n(x).
-7
Let p(v) = 25 - 4*v - 17 - v**2 + 0*v - 4*v. Give p(-9).
-1
Let u(k) = -k + 6*k - 8 - 4*k + 6. Determine u(6).
4
Let j = -24 - -26. Let a(q) be the third derivative of 1/60*q**5 + 0 + 0*q - 2*q**j - 1/6*q**4 - 1/2*q**3. Give a(4).
-3
Let y(t) be the first derivative of -t**4/2 + 2*t**3/3 + t**2 - 3*t - 1. Let l be 8/(-28) + 16/7. What is y(l)?
-7
Let q = -44 + 44. Let v(h) = h**3 + h**2 + h - 9. Determine v(q).
-9
Let y(l) be the third derivative of l**5/60 - l**4/12 + 8*l**2. What is y(-2)?
8
Let k be (3 + -3)/(1*2). Let i(q) = 3 - 2*q + 0 - 1 + 2*q**3 + 2*q**2. Let z(m) = -m**3 - m**2 + m - 1. Let g(n) = -4*i(n) - 9*z(n). Determine g(k).
1
Let a(g) be the first derivative of -g**3/3 - 5*g**2/2 - 4*g + 3. What is a(-6)?
-10
Let u(g) = -19*g. Let v(n) = -10*n. Let o(w) = 4*u(w) - 7*v(w). Let l = -3 - -6. Let z be (-2)/l*9/6. What is o(z)?
6
Let o(z) = 3*z**3 - 2*z**2 + 1. Suppose 0 = -3*d - 0 - 3. Let i be 9*((-4)/(-3) + d). Suppose -i*u + 15 = -6*u, -4*n - 1 = u. Give o(n).
2
Let b(u) = u**2 + 3*u + 2. Let a(z) = -4*z. Let q be a(-2). Suppose 150 = q*f - 3*f. Suppose -3*n + f = -5*t + 2*n, 2*n = -4*t - 12. Calculate b(t).
6
Let s(y) = y**3 - 5*y**2 - 6*y - 8. Suppose 0 = 3*i + 15, 2*f - i = -0*i + 17. Calculate s(f).
-8
Let d(h) = -14*h**3 - h**2 + h + 2. Let q(b) = -5*b**3 + 1. Let v(u) = 4*d(u) - 11*q(u). Calculate v(2).
-19
Let x = 3 + 29. Suppose 4*h - x = -0. Let v(y) = -y**3 + 8*y**2 + 1. Calculate v(h).
1
Suppose t - 5*i + 20 = 0, -4*i - 5 = -4*t - i. Let n = 2 + 0. Let b(w) = -5*w + 5 - w**3 + 1 - 4 + 6*w**n. Give b(t).
2
Suppose -4*i - 20 = 0, 5*d = -i - 4*i - 25. Let x(f) be the third derivative of 0 + 1/6*f**3 - f**2 + d*f**5 + 0*f + 0*f**4 - 11/120*f**6. What is x(1)?
-10
Let q(l) = -l + 3. Let k(a) = -2*a + 6. Let r(s) = 3*k(s) - 5*q(s). What is r(4)?
-1
Suppose -2*b + 0*b = 4*t + 4, -3*t - 30 = -3*b. Let g(j) = -j**3 + 6*j**2 + j + 2. What is g(b)?
8
Let t(b) = -3*b - 7. Let j(f) = -4*f - 4 + f + f - 2. Let m(z) = 5*j(z) - 4*t(z). What is m(2)?
2
Let c(x) = x**3 - 5*x**2 + 2*x + 4. Suppose 2*y - y = 1. Suppose 2 = -w + 3*o, -5*o + 11 - y = 0. What is c(w)?
-4
Suppose u + 5 = m, -4*m + 11 = -5*u - 10. Suppose 4*h - 6 = 2*s, -h + 7 - 2 = -4*s. Let w(a) = -9*a**3 + 0 + h + a - 1. Give w(u).
8
Let z(s) = s**3 - 4*s**2 + 2*s - 6. Let f be z(4). Let w(d) = 15*d - 15. Let o(t) = -8*t + 8. Let k(g) = 9*o(g) + 5*w(g). Give k(f).
3
Let v(u) = 5*u**2 + u. Let b(j) = -j**2 -